ist the prime factors of w.
3, 13
Suppose -4*y + 8443 = 3*v, -3*y - 4*v + 2*v + 6333 = 0. Suppose -2*t - z + y = 0, 2*t - 3172 = -t - 2*z. List the prime factors of t.
2, 17, 31
Let f = 566 - -24. Let h = 1101 - f. Suppose -5*t + 685 = 3*o, -4*t + o + h = -4*o. List the prime factors of t.
2, 67
Suppose -65*f = -137277 - 38808. List the prime factors of f.
3, 7, 43
What are the prime factors of (-23490)/1350*-9*430?
2, 3, 29, 43
Let n be (-11 - 4)/(5/(-2)). List the prime factors of (-17280)/(-60) + (1 - n).
283
Let h(v) = 692*v - 122. Let f be h(4). Let w = f + -1462. What are the prime factors of w?
2, 37
Let b(u) = -u**3 + 16*u**2 - 14*u - 5. Let s be b(15). Suppose -18 = -s*i + 4*i. Suppose r - 48 = -i*r. What are the prime factors of r?
2, 3
List the prime factors of (-8)/(-12) - (-107392)/12.
2, 5, 179
Let w(h) = 3476*h**2 + 63*h - 127. List the prime factors of w(2).
13903
Let t = 234 + -833. Let z = 1574 + t. List the prime factors of z.
3, 5, 13
Let f(a) = a**3 - 7*a**2 + 9*a + 7. Let g(l) = 7*l - 8. Let x be g(8). Let w = x + -41. List the prime factors of f(w).
2, 5, 7
Let y = -2896 - -5224. Let a = y - 942. What are the prime factors of a?
2, 3, 7, 11
Let c be (1 + 4/(-4))*(0 - -1). Suppose d = 4*f - 19, d - 1 = -c*d. Suppose 3*h - 148 = -f*s, -205 = -3*h + 4*s - 21. What are the prime factors of h?
2, 7
Let h = -31059 - -45641. List the prime factors of h.
2, 23, 317
Let o = -22 - 2. Let w(k) = -2*k + 8. Let u be w(15). List the prime factors of u/4*o/4.
3, 11
Let u(q) = q**3 + 3*q**2 + 5*q - 2. Let f be u(-3). Let y = 66 - 20. Let a = y + f. List the prime factors of a.
29
Suppose -11*s = -685 - 107. Let g be s/(-27)*(-4)/(48/81). List the prime factors of (126/g)/(2/26).
7, 13
Let t(d) = 309*d**2 - 5*d - 101. Let o be t(-6). What are the prime factors of -6*o/(-126)*3?
1579
Let t be -1 - -4 - (-11 + 12). Suppose 0 = -2*h + t, 2*l - 2*h = -0*h + 430. List the prime factors of l.
2, 3
Let z = 487 + -181. Let s(f) = -f - 5. Let t be s(-11). Suppose t*y + 3*y = z. What are the prime factors of y?
2, 17
Let v(b) = 6*b - 55. Let x be v(18). Let d = -48 + x. Let w(a) = 50*a - 22. What are the prime factors of w(d)?
2, 3, 19
Suppose -2*y - 140 = -5*t, 32 = 4*y + 2*t + 312. Let b = y + 34. Let p = -24 - b. List the prime factors of p.
2, 3
Let l(x) be the first derivative of 13*x**2/2 + 40*x + 305. What are the prime factors of l(11)?
3, 61
Let j = -140 - -141. Let h(d) = 874*d - 63. List the prime factors of h(j).
811
Let g(j) = 13*j**2 + j + 8. Let x be g(-5). Let z = -188 + x. What are the prime factors of z?
2, 5, 7
Let u be 837/(-9)*1*(-3 + 2). Let q(w) = w**3 - 9*w**2 + 10*w - 8. Let b be q(8). Suppose -c + u = -t, -5*t + b = 3. What are the prime factors of c?
2, 47
Let j(c) = -200*c**3 + 3*c**2 - 7. Suppose p = -2, -9*h + 5*h - 2 = -3*p. What are the prime factors of j(h)?
3, 5, 107
Suppose 31304 = -303*g + 310*g. Suppose -2*j - 4*t = 2*j - g, 3*j + 4*t - 3349 = 0. What are the prime factors of j?
1123
Suppose 36*b - 496 = 28*b. Suppose -533 - b = -7*d. What are the prime factors of d?
5, 17
Suppose 119*l - 353114 = 1243390. List the prime factors of l.
2, 3, 13, 43
Let k = 71 + -68. Suppose -5*v + u = -124, -5*u - 92 = -k*v - 0*u. What are the prime factors of (240/(-18))/(v/27 - 1)?
2, 3, 5
Let a(o) = -o + 4. Let t(c) = 309*c - 41. Let j(q) = 44*a(q) + 4*t(q). List the prime factors of j(1).
2, 7, 43
What are the prime factors of 3636/14*(-672)/(-192)?
3, 101
Suppose -19*c - 15209 + 38496 + 69376 = 0. What are the prime factors of c?
4877
Let z be (-9)/(-5)*1395/27. Suppose 0 = 91*g - z*g + 2278. What are the prime factors of g?
17, 67
Let w(q) = 87*q**2 + 5. Let h be w(-3). Suppose -5*y + 297 = -h. What are the prime factors of y?
7, 31
Let w(p) = 10*p**2 + p - 2. Let k be 123/9 + 20/(-12). Suppose -9*j = -k*j - 6. List the prime factors of w(j).
2, 3
Let o(f) = 1639*f - 1884. List the prime factors of o(9).
3, 4289
Suppose 12*r + 11111 = 19081 + 63862. List the prime factors of r.
2, 41, 73
What are the prime factors of 1/(-4) + 90649/4 - (164 + -160)?
2, 11329
Let c(v) = -165*v**3 + 2*v**2 + 5*v + 6. Let l be c(-3). Suppose 5*r - l = -1234. List the prime factors of r.
2, 17, 19
Let s(y) = 4898*y + 1513. What are the prime factors of s(3)?
19, 853
Let c be (23 + -7)*((-460)/(-5))/4. What are the prime factors of (c - -3)*(-24 - -25)?
7, 53
Suppose 34 = 11*t - 10. Suppose -18*o = t*o - 2244. What are the prime factors of o?
2, 3, 17
Let c(u) = 6*u**2 + 62*u + 1746. What are the prime factors of c(-74)?
2, 43, 349
Let q = -256 - -247. What are the prime factors of ((-6)/q)/((-9)/27) + 152?
2, 3, 5
Let b(k) = -11*k + 6*k**2 + 76 - 3*k - 10*k**2 - 25*k + 7*k**2. What are the prime factors of b(14)?
2, 59
Let o(i) = -i**3 - 3*i**2 + 2. Let g be o(-3). Let h(w) = w**2 - 6*w + 7. Let j be h(6). Suppose -1 = g*z - j. What are the prime factors of z?
3
Let w(m) = -2*m**3 + 4*m**2 + 12*m + 109. What are the prime factors of w(-8)?
3, 431
Let w = 1121 + 3485. List the prime factors of w.
2, 7, 47
Let o = -15290 + 26680. What are the prime factors of o?
2, 5, 17, 67
Suppose -4*t = 2*c + 4, -t - 3*t - 28 = -2*c. Suppose 26*i = -c*i + 23616. What are the prime factors of i?
2, 3, 41
Let v(b) = 2*b**2 - 50*b + 52. Let z be v(24). Suppose -5*m - 739 = -4*a, -7*a - z*m = -5*a - 350. What are the prime factors of a?
181
Let b be (-163)/3 - 1/(-3). Let d = b + 57. What are the prime factors of (249/12)/(d/12)?
83
Let h(d) = -4599*d - 471. What are the prime factors of h(-3)?
2, 3, 2221
Let i(t) = 2*t**3 - 4*t**2 + 2*t. Let a be i(2). List the prime factors of (6 - 5)*330 - a.
2, 163
Let v = 66874 - 38943. List the prime factors of v.
17, 31, 53
Let n be 1/2*(-39 + 49). Suppose 3465 = n*c - 5*g, -4*g - 3468 = c - 6*c. What are the prime factors of c?
2, 3, 29
Let z = 2036 - 772. Let a = z - 834. List the prime factors of a.
2, 5, 43
Let h = -88437 - -139972. What are the prime factors of h?
5, 11, 937
Let k be ((-4)/(-3) + -1)*(-1 - -13). Let i be (-116)/(-3)*k/16*6. Suppose -i*y = -57*y - 10. What are the prime factors of y?
2, 5
Let t be (-1 + 0)*(-363 - -7). Let r be 13/2*(13 + 19). Let l = t - r. List the prime factors of l.
2, 37
Suppose 4*w - 1604 = 4*t, 2*t - w + 0*w + 805 = 0. Let f = -673 - t. Let k = f + 503. What are the prime factors of k?
2, 3, 13
Let l = 1456 + 206. Suppose -11007 + l = -21*z. List the prime factors of z.
5, 89
Let v(d) = -d**3 - 7*d**2 + 12*d + 26. Let k be v(-8). What are the prime factors of k + (-6 + -527)*-1?
17, 31
Let a(y) = -y**3 - 20*y**2 + 55*y - 109. What are the prime factors of a(-35)?
3, 13, 419
Let p(q) = 12*q**2 - q - 3. Let c be p(-3). Let j be (c - 1*-1)/((-27)/54). Let d = j - -357. What are the prime factors of d?
139
Let h(q) = -q**3 - 130*q**2 + 535*q + 94. What are the prime factors of h(-135)?
2, 9497
Let r(j) = -7*j**2 + 14*j - 71. Let l be r(11). Let v = 1124 + l. List the prime factors of v.
2, 3, 5
Let l(v) = v**3 - 59*v**2 - 60*v + 906. What are the prime factors of l(64)?
2, 31, 283
Let u(t) = t**3 + 26*t**2 + 11*t - 3. Let d be u(-19). Suppose -15*y + d = -2215. List the prime factors of y.
2, 151
Let v(x) = 2597*x**2 + 5*x + 14. What are the prime factors of v(-2)?
2, 3, 433
Let l = -1 - -2. Let u(z) = -88*z - 2. Let o(p) = -176*p - 4. Let r(h) = -3*o(h) + 5*u(h). What are the prime factors of r(l)?
2, 3, 5
Let a = 406 + -1483. Let g = -715 - a. What are the prime factors of g?
2, 181
Suppose -325 + 1473 = 3*v - 2215. List the prime factors of v.
19, 59
Let r(i) = -259*i**3 - 11*i**2 + 13*i + 10. What are the prime factors of r(-3)?
5, 1373
Suppose 2*x - 4*x = c - 10, -3*c = -6. What are the prime factors of (24/3)/x - -415?
3, 139
Let j(x) = 2*x**2 - 10*x - 44. Let k be j(15). Let u = k + 406. What are the prime factors of u?
2, 331
Let w = -41944 - -66069. List the prime factors of w.
5, 193
Let f(w) = w**3 + 27*w + 203. List the prime factors of f(27).
5, 7, 19, 31
Let x(v) = v**3 - 2*v**2 + 4*v - 5. Let d be x(3). Let t = d + 633. Suppose 4*f = -7*f + t. List the prime factors of f.
59
Let i = 3 - 7. Let k be 3*((-2)/i + 28/24). List the prime factors of (0 + 172)/(k - 4).
2, 43
Let t be (10/15)/((-18)/(-4077)). List the prime factors of 14 + -14 + 2*t.
2, 151
Let z(u) = 4*